{"version":"1.0","provider_name":"Vitali Cucine","provider_url":"https:\/\/www.vitalicucine.it\/fr\/","author_name":"B74KqVfp","author_url":"https:\/\/www.vitalicucine.it\/fr\/author\/b74kqvfp\/","title":"Compagnie - Vitali Cucine","type":"rich","width":600,"height":338,"html":"<blockquote class=\"wp-embedded-content\" data-secret=\"ipAidd4ATA\"><a href=\"https:\/\/www.vitalicucine.it\/fr\/azienda\/\">Compagnie<\/a><\/blockquote><iframe sandbox=\"allow-scripts\" security=\"restricted\" src=\"https:\/\/www.vitalicucine.it\/fr\/azienda\/embed\/#?secret=ipAidd4ATA\" width=\"600\" height=\"338\" title=\"\u00ab\u00a0Compagnie\u00a0\u00bb &#8212; Vitali Cucine\" data-secret=\"ipAidd4ATA\" frameborder=\"0\" marginwidth=\"0\" marginheight=\"0\" scrolling=\"no\" class=\"wp-embedded-content\"><\/iframe><script type=\"text\/javascript\">\n\/* <![CDATA[ *\/\n\/*! This file is auto-generated *\/\n!function(d,l){\"use strict\";l.querySelector&&d.addEventListener&&\"undefined\"!=typeof URL&&(d.wp=d.wp||{},d.wp.receiveEmbedMessage||(d.wp.receiveEmbedMessage=function(e){var t=e.data;if((t||t.secret||t.message||t.value)&&!\/[^a-zA-Z0-9]\/.test(t.secret)){for(var s,r,n,a=l.querySelectorAll('iframe[data-secret=\"'+t.secret+'\"]'),o=l.querySelectorAll('blockquote[data-secret=\"'+t.secret+'\"]'),c=new RegExp(\"^https?:$\",\"i\"),i=0;i<o.length;i++)o[i].style.display=\"none\";for(i=0;i<a.length;i++)s=a[i],e.source===s.contentWindow&&(s.removeAttribute(\"style\"),\"height\"===t.message?(1e3<(r=parseInt(t.value,10))?r=1e3:~~r<200&&(r=200),s.height=r):\"link\"===t.message&&(r=new URL(s.getAttribute(\"src\")),n=new URL(t.value),c.test(n.protocol))&&n.host===r.host&&l.activeElement===s&&(d.top.location.href=t.value))}},d.addEventListener(\"message\",d.wp.receiveEmbedMessage,!1),l.addEventListener(\"DOMContentLoaded\",function(){for(var e,t,s=l.querySelectorAll(\"iframe.wp-embedded-content\"),r=0;r<s.length;r++)(t=(e=s[r]).getAttribute(\"data-secret\"))||(t=Math.random().toString(36).substring(2,12),e.src+=\"#?secret=\"+t,e.setAttribute(\"data-secret\",t)),e.contentWindow.postMessage({message:\"ready\",secret:t},\"*\")},!1)))}(window,document);\n\/\/# sourceURL=https:\/\/www.vitalicucine.it\/wp-includes\/js\/wp-embed.min.js\n\/* ]]> *\/\n<\/script>\n","description":"Notre histoire a origine \u00e0 la fin des ann\u00e9es 60, quand un tr\u00e8s jeune VITALI ALFIO commence la production de cuisines compos\u00e9es. Avec les ann\u00e9es, il se convainc que la cuisine est un \u00e9l\u00e9ment indispensable \u00e0 l\u2019int\u00e9rieur de chaque maison. A la moiti\u00e9 des ann\u00e9es 70, il focalise de plus en plus son activit\u00e9 sur [&hellip;]"}

Notre histoire a origine à la fin des années 60, quand un très jeune VITALI ALFIO commence la production de cuisines composées. Avec les années, il se convainc que la cuisine est un élément indispensable à l’intérieur de chaque maison. A la moitié des années 70, il focalise de plus en plus son activité sur [&hellip;]
